)?
2
Suppose 0 = q + 3, 7*k - 2*k = -5*q. Suppose -5*f - 5 = -g, 4*g + 5*f = -0*f - 5. Suppose 54 = k*v - g*v. What is the tens digit of v?
1
Let c = -1174 + 3091. What is the tens digit of c?
1
Suppose 0 = 3*u - 4*f + 16, -3*f = 3*u + 2*f - 20. Suppose 5*n - 5*l - 394 - 316 = u, 0 = -3*n + 2*l + 428. What is the tens digit of n?
4
Suppose 3*r = 4*r - 20. Let j be r*(20/8 - 1). Suppose -q - q + j = 0. What is the units digit of q?
5
Let k(a) = -3*a - 6. Suppose -u + 3 = -5. Let n = 2 - u. What is the units digit of k(n)?
2
Suppose -2*z + 10 = 0, 0 = -m + 3*z + 2*z + 404. What is the hundreds digit of m?
4
Let m(b) = 54*b - 1. Let f be m(4). Let a = 138 - f. What is the units digit of (-352)/(-14) - (-11)/a?
5
Let h be 32/24 - (-152)/(-6). Let k = h + 34. Let i = k - -13. What is the tens digit of i?
2
Suppose 2 = -o, 9*f - 2*o + 18926 = 14*f. What is the thousands digit of f?
3
Suppose 258 = -2*x + x + 2*p, p + 501 = -2*x. Let l be (x/8)/7*4. Let o = l - -41. What is the tens digit of o?
2
Suppose 141 = 3*z - 2*w - 905, -1396 = -4*z + 4*w. What is the units digit of z?
8
Let p(k) = k**3 + 20*k**2 + 8*k + 3. What is the hundreds digit of p(-3)?
1
Let b(a) = -a**3 + 2 - a - 3*a**2 - 5 + 1. Suppose -3*r = -2*s - 12, 5 = 3*r - 1. What is the units digit of b(s)?
1
Let o = 8946 + -6215. What is the thousands digit of o?
2
Let c(g) = 3*g**2 + 14*g - 825. What is the thousands digit of c(-37)?
2
Suppose -5*h + 8432 = -4*d - 1268, 3*d + 9705 = 5*h. What is the thousands digit of h?
1
Let m be ((-1)/(-3))/((-3)/(-9)). Suppose -10 = -d + 4*o + 21, -5*o = -3*d + 58. Let q = m + d. What is the units digit of q?
2
Suppose 0 = 4*y - 5*y + 441. Suppose -y = -5*a + 254. What is the tens digit of a?
3
Let w(r) = r**3 + 13*r**2 - 6*r - 16. Let s(g) be the first derivative of -7*g**2 + g + 11. Let o be s(1). What is the tens digit of w(o)?
6
Let w(i) = 37*i**3 + 2*i + 1. Let b be w(-1). Suppose 5*v - 5*r - 450 = 0, 3*v + 3*r - 2*r - 258 = 0. Let g = b + v. What is the units digit of g?
9
Let n be (-3 - -5)/((-6)/(-3)). Suppose 324 = 5*i - n. What is the tens digit of i?
6
Suppose -2*v - 4*k = -7*k - 3, 0 = k - 3. Suppose 0 = -4*b + 2 + v. What is the units digit of b?
2
Suppose -17*x = -10*x - 4403. What is the tens digit of x?
2
Suppose 4*i - 2967 = -m, 0 = -2*i + m + 1249 + 242. What is the units digit of i?
3
Suppose -4*u + 11*u = 1071. What is the tens digit of u?
5
Let l = 1580 + -133. Suppose 0 = 15*o - 503 - l. What is the units digit of o?
0
Suppose 16*d + 10365 = 11*d. What is the units digit of 5/(-105)*d + (-4)/(-14)?
9
Suppose 0 = 2*i + 4*k + 16, 2*k = 5*i - 20. Suppose -16 = -5*y - i*a, 2*y - 7 = -a - 1. Suppose w + y*o - 3 = 5*o, 0 = -w - 2*o. What is the units digit of w?
2
Let w(h) be the first derivative of 5*h**3 + h**2 + 3*h + 4. What is the units digit of w(-2)?
9
Suppose o = -5*d + 715, d + o - 112 - 27 = 0. What is the hundreds digit of d?
1
Let y(s) = -s**2 + 8*s - 7. Let g be y(5). Let r(z) = 18*z - 13. Let l be r(1). What is the tens digit of ((-114)/g)/(l/(-20))?
5
Let k = 8284 + -5600. What is the tens digit of k?
8
Let v(n) = -7*n**3 + n**2 - 1. Let a be v(-1). Suppose -o - 3*l = -a, 3*l + 15 = 4*o + 2*l. What is the units digit of o/3*3/2?
2
Let l(j) = -6*j**3 - 7*j**2 - 2*j + 8. What is the hundreds digit of l(-4)?
2
Suppose 6387 = 57*o - 53805. What is the units digit of o?
6
Suppose 11*w + 17*w - 29148 = 0. What is the hundreds digit of w?
0
Let d be (-19107)/(-18) - 1/(-2). What is the units digit of (d/15)/3 + 4/10?
4
Let c = 11073 + -7537. What is the hundreds digit of c?
5
Let h = 1144 - 550. What is the hundreds digit of h?
5
Suppose -20 = -3*p + 4*d, p + 2*p + 3*d = 6. Suppose -2*k - 4*n + 12 = 0, -3*k + 11 = p*n - 5. What is the units digit of ((-4)/(-2) - k) + 11?
9
Let z = 5 + 11. Suppose 14*y - z*y = -14. Let q(i) = i**3 - 6*i**2 - 2*i - 5. What is the units digit of q(y)?
0
Let g(b) = 28*b**2 + 62*b - 3. What is the units digit of g(-6)?
3
What is the units digit of (-7)/(14/3)*-464?
6
Let t(x) = 3*x**2 + 4*x + 8. What is the units digit of t(-32)?
2
Let j(h) = 6 - 1 + 31*h + 4 - 5*h. What is the units digit of j(2)?
1
Let h(v) = -v**3 + 25*v**2 + 5*v - 18. What is the units digit of h(22)?
4
Suppose -5*o + 0*o = -670. What is the units digit of o?
4
Let b(n) = 14*n - n + 48*n. Let a be b(2). Suppose -r - 3*z = -22, 3*z - a = -2*r - 3*r. What is the tens digit of r?
2
Let k = 1172 + -460. What is the hundreds digit of k?
7
Let z(y) = 4*y**3 + y**2 - 10*y - 1. Let x(r) = 5*r**3 - 10*r. Let j(b) = 5*x(b) - 6*z(b). What is the tens digit of j(5)?
3
Let j(t) = 109*t - 3. What is the units digit of j(1)?
6
Let m(i) = i + 114. What is the units digit of m(-15)?
9
Let z = 7 + -7. Let q(w) = -w**2 + z + w + 4*w**2 - 5. What is the tens digit of q(-4)?
3
What is the tens digit of (174 - (-3 - -2))*1?
7
Suppose -5*v + 3*v + 52 = 0. Let c = v - 15. What is the units digit of c?
1
Let x be 12/24 + 14/4. Suppose -p = 3*a - 454, -5*p + 609 = -0*a + x*a. What is the tens digit of a?
5
Suppose 5908 - 59968 = -15*c. What is the units digit of c?
4
Suppose 8 = -7*a + 11*a. Suppose 8 = a*c + 2*c, -4*n = -2*c. Let s = n + 7. What is the units digit of s?
8
Suppose 8*n - 1471 - 625 = 0. What is the hundreds digit of n?
2
Let s = 1 - -3. Suppose -3*j + s = -4*j. Let x = 3 - j. What is the units digit of x?
7
Let c(k) = k**3 + 6*k**2 + k + 1. Let b be c(-5). Suppose 0 = 4*h + 5 - b. Suppose h*z - 34 = -2*w, 0*w - z + 37 = 2*w. What is the tens digit of w?
1
Let d(x) = 29*x**2 - 14*x + 45. What is the units digit of d(5)?
0
Let m be ((9 - 1) + 0)/1. Suppose -5*o + 0*o + m = h, 0 = 5*o - 5. What is the tens digit of (-5 - -22)/(h/3)?
1
Suppose 3*k + 7664 = -4*o + 9*o, k = -4*o + 6138. What is the units digit of o?
4
Suppose 4*y - 24 = -16. Suppose 36 = -y*h + 8*h. What is the units digit of h/(1 - 4) - -41?
9
Suppose -4*i + 2*i - 6 = 0. Let x(p) = 2*p**2 - 11*p + 7. Let y(w) = w**2 - 11*w + 7. Let m(b) = i*x(b) + 4*y(b). What is the tens digit of m(-5)?
1
What is the hundreds digit of (11 + -1 - 8)*1591?
1
Let w(g) = g**2 + 9*g + 10. Suppose -2 - 6 = m. Let a be w(m). Suppose -2*i = 3*i - j - 228, a*i - 3*j = 86. What is the units digit of i?
6
Suppose -4*b - 4*b + 2456 = 0. Suppose 269 = 3*m - b. What is the hundreds digit of m?
1
Suppose 5*h - 437 = -2*l - 158, -446 = -3*l - 2*h. What is the hundreds digit of l?
1
What is the tens digit of (0 - -429) + (-4 - (-18)/3)?
3
Let c be (-66)/(-6)*2/2. Let w = 1 - c. What is the units digit of ((-3)/(-5) + -1)*w?
4
Suppose 2*v - 6 = -0*v. Let t(u) = 14 + 0*u - 3 - v*u + 4*u. What is the tens digit of t(0)?
1
Let s = -15 - -516. What is the tens digit of s?
0
Let f(t) = t**3 + 2*t**2 - 3*t - 41. What is the tens digit of f(11)?
9
Suppose 167 = -5*o - 43. What is the units digit of (-693)/o*(-4)/(-6)?
1
Suppose 2736 = -6*s + 42*s. What is the tens digit of s?
7
Let x = -1052 + 1877. What is the hundreds digit of x?
8
Let g(z) = -351*z + 8. What is the tens digit of g(-1)?
5
Let o = 10 - -1. Let b be ((-6)/(-27))/(-2) + 6188/126. Let f = b + o. What is the tens digit of f?
6
Let g(z) = -34*z - 23. Suppose 3*c - 6 + 15 = 0. What is the tens digit of g(c)?
7
Let r(k) = 2*k + 13. Let q be r(-14). What is the tens digit of 220/(-6)*q/10?
5
Suppose -5*v = 4*v - 18. What is the tens digit of 0 + (-10)/v*-20?
0
Suppose -3*o + 4*o + 3*g = 68, -12 = 4*g. Suppose -5*y = -3*y + 44. Let t = o + y. What is the tens digit of t?
5
Suppose -19218 = -11*s + 19348. What is the thousands digit of s?
3
Let y(c) be the first derivative of 332*c**3/3 - c**2/2 - 8. Let k be y(-1). Suppose -2*s - 2*o + 132 = 0, 4*o = 5*s + 6*o - k. What is the units digit of s?
7
Let z = -20 + 23. Let p be -6*44/(-9)*z. Suppose 0*w - 4*w = -p. What is the units digit of w?
2
What is the units digit of 8 + 4 + -11 - -385?
6
Let g be (5 - 2)*(-2)/3. What is the units digit of (4/3)/(g/(-54))?
6
Suppose -2*d - d = 0. Suppose 3*t - 5*z - 18 = d, 2*t + z - 11 - 1 = 0. Suppose -p = -t - 3. What is the units digit of p?
9
Suppose 2*q - 2*s = 14, 23 = 5*q - 0*q + s. Suppose q*o = 8*o - 423. What is the hundreds digit of o?
1
What is the hundreds digit of ((-6)/(-21))/((-4)/(-35602))?
5
Let n(s) = -s**2 + 10*s - 2. Let t be n(10). Let f(b) = -17*b